8857.
6708857
What are the prime factors of 589913?
73, 8081
List the prime factors of 8785611.
3, 71, 4583
List the prime factors of 386527.
43, 89, 101
List the prime factors of 2310940.
2, 5, 115547
List the prime factors of 153905.
5, 30781
List the prime factors of 430068.
2, 3, 35839
List the prime factors of 27179274.
2, 3, 587, 7717
What are the prime factors of 5115692?
2, 71, 18013
What are the prime factors of 2336017?
2336017
List the prime factors of 294544.
2, 41, 449
List the prime factors of 27456331.
7, 37, 227, 467
List the prime factors of 963167.
19, 163, 311
List the prime factors of 389776.
2, 17, 1433
What are the prime factors of 3285993?
3, 19, 57649
List the prime factors of 6679592.
2, 834949
List the prime factors of 452031.
3, 89, 1693
What are the prime factors of 46567?
46567
List the prime factors of 3069614.
2, 71, 21617
What are the prime factors of 1310092?
2, 7, 71, 659
What are the prime factors of 2190269?
2190269
What are the prime factors of 1074412?
2, 19, 67, 211
List the prime factors of 218418.
2, 3, 59, 617
What are the prime factors of 664225?
5, 163
What are the prime factors of 790429?
790429
What are the prime factors of 245870?
2, 5, 23, 1069
List the prime factors of 1969785.
3, 5, 14591
What are the prime factors of 394496?
2, 23, 67
List the prime factors of 102613.
7, 107, 137
List the prime factors of 12957051.
3, 4319017
What are the prime factors of 355470?
2, 3, 5, 17, 41
What are the prime factors of 295295?
5, 7, 11, 13, 59
List the prime factors of 5045427.
3, 439, 1277
List the prime factors of 342636.
2, 3, 7, 4079
List the prime factors of 13254984.
2, 3, 227, 811
List the prime factors of 408762.
2, 3, 22709
List the prime factors of 18512710.
2, 5, 1851271
List the prime factors of 1060009.
1060009
List the prime factors of 672791.
7, 223, 431
List the prime factors of 579348.
2, 3, 7, 11, 19
List the prime factors of 178324.
2, 109, 409
List the prime factors of 808523.
808523
What are the prime factors of 26192544?
2, 3, 7, 38977
What are the prime factors of 1234306?
2, 617153
What are the prime factors of 114068?
2, 28517
What are the prime factors of 4283120?
2, 5, 37, 1447
What are the prime factors of 10325075?
5, 19, 21737
What are the prime factors of 100613?
100613
List the prime factors of 19991346.
2, 3, 3331891
What are the prime factors of 13796480?
2, 5, 21557
What are the prime factors of 421651?
17, 1459
What are the prime factors of 379161?
3, 31, 151
List the prime factors of 206001.
3, 47, 487
List the prime factors of 477004.
2, 11, 37, 293
What are the prime factors of 16456962?
2, 3, 263, 10429
List the prime factors of 9674668.
2, 47, 51461
List the prime factors of 118031.
17, 53, 131
What are the prime factors of 13405?
5, 7, 383
What are the prime factors of 14329501?
47, 304883
List the prime factors of 1354408.
2, 11, 15391
List the prime factors of 5928108.
2, 3, 41, 12049
List the prime factors of 3069225.
3, 5, 4547
List the prime factors of 3642381.
3, 313, 431
What are the prime factors of 3853154?
2, 47, 179, 229
List the prime factors of 2228812.
2, 113, 4931
List the prime factors of 197774.
2, 98887
List the prime factors of 11870216.
2, 17, 87281
What are the prime factors of 1734156?
2, 3, 16057
List the prime factors of 491635.
5, 98327
What are the prime factors of 331959?
3, 17, 23, 283
List the prime factors of 240992.
2, 17, 443
List the prime factors of 456848.
2, 7, 4079
What are the prime factors of 375872?
2, 7, 839
What are the prime factors of 25089811?
37, 678103
List the prime factors of 2221352.
2, 7, 39667
List the prime factors of 18082313.
18082313
List the prime factors of 22377.
3, 7459
What are the prime factors of 645420?
2, 3, 5, 31, 347
List the prime factors of 6239469.
3, 2079823
List the prime factors of 528620.
2, 5, 26431
What are the prime factors of 5811651?
3, 645739
List the prime factors of 4305291.
3, 1435097
What are the prime factors of 326285?
5, 65257
What are the prime factors of 529107?
3, 176369
What are the prime factors of 1035758?
2, 113, 4583
List the prime factors of 253511.
79, 3209
List the prime factors of 29048749.
29, 61, 16421
List the prime factors of 93278.
2, 46639
What are the prime factors of 49875?
3, 5, 7, 19
List the prime factors of 1439020.
2, 5, 11, 31, 211
List the prime factors of 232769.
19, 12251
What are the prime factors of 3543820?
2, 5, 7, 17, 1489
List the prime factors of 1293067.
109, 11863
List the prime factors of 1047773.
1047773
What are the prime factors of 1958342?
2, 979171
List the prime factors of 51652.
2, 37, 349
What are the prime factors of 16931280?
2, 3, 5, 19, 47, 79
List the prime factors of 855895.
5, 171179
What are the prime factors of 1832048?
2, 67, 1709
What are the prime factors of 525146?
2, 67, 3919
List the prime factors of 7803908.
2, 7, 19, 14669
List the prime factors of 14571832.
2, 11, 165589
List the prime factors of 119786.
2, 101, 593
List the prime factors of 609074.
2, 304537
List the prime factors of 307930.
2, 5, 7, 53, 83
List the prime factors of 4348247.
4348247
List the prime factors of 2855320.
2, 5, 13, 17, 19
List the prime factors of 1264186.
2, 7, 11, 8209
What are the prime factors of 18852028?
2, 13, 19, 19081
List the prime factors of 6698114.
2, 3349057
What are the prime factors of 4107300?
2, 3, 5, 13691
List the prime factors of 11743252.
2, 2935813
What are the prime factors of 1377748?
2, 17, 20261
List the prime factors of 23882.
2, 11941
List the prime factors of 564863.
13, 43451
What are the prime factors of 147903?
3, 7, 7043
What are the prime factors of 20695617?
3, 19, 37, 3271
What are the prime factors of 19076409?
3, 11, 233, 827
List the prime factors of 538184.
2, 67273
List the prime factors of 30259503.
3, 31, 108457
List the prime factors of 80003.
7, 11, 1039
What are the prime factors of 278760?
2, 3, 5, 23, 101
List the prime factors of 258585.
3, 5, 17239
List the prime factors of 234346.
2, 7, 19, 881
List the prime factors of 2087173.
11, 189743
What are the prime factors of 6333528?
2, 3, 163, 1619
What are the prime factors of 39892521?
3, 193, 68899
List the prime factors of 6681539.
6681539
List the prime factors of 1142385.
3, 5, 76159
List the prime factors of 16197216.
2, 3, 7, 24103
List the prime factors of 232930.
2, 5, 23293
List the prime factors of 34378.
2, 17189
What are the prime factors of 3714923?
317, 11719
List the prime factors of 540777.
3, 180259
List the prime factors of 1019332.
2, 254833
List the prime factors of 2347709.
7, 13, 25799
List the prime factors of 7649965.
5, 79, 107, 181
What are the prime factors of 1593063?
3, 177007
List the prime factors of 1532617.
769, 1993
What are the prime factors of 381109?
43, 8863
What are the prime factors of 2523959?
2523959
What are the prime factors of 288256?
2, 563
List the prime factors of 2586465.
3, 5, 7, 17, 23
List the prime factors of 548279.
349, 1571
List the prime factors of 751957.
751957
List the prime factors of 466776.
2, 3, 2161
What are the prime factors of 166472?
2, 20809
List the prime factors of 406171.
406171
List the prime factors of 769192.
2, 96149
List the prime factors of 393866.
2, 11, 17903
List the prime factors of 4937762.
2, 2468881
What are the prime factors of 8595215?
5, 23, 31, 2411
List the prime factors of 14216562.
2, 3, 743, 1063
What are the prime factors of 7471819?
59, 126641
List the prime factors of 421028.
2, 67, 1571
List the prime factors of 73611.
3, 8179
List the prime factors of 688561.
688561
What are the prime factors of 58419?
3, 6491
List the prime factors of 492109.
151, 3259
List the prime factors of 46282.
2, 73, 317
List the prime factors of 14439234.
2, 3, 2406539
What are the prime factors of 642940?
2, 5, 17, 31, 61
What are the prime factors of 169495?
5, 109, 311
List the prime factors of 6869794.
2, 149, 23053
List the prime factors of 2724784.
2, 170299
List the prime factors of 1528912.
2, 7, 11, 17, 73
List the prime factors of 151728.
2, 3, 29, 109
List the prime factors of 595572.
2, 3, 31, 1601
List the prime factors of 92712.
2, 3, 3863
What are the prime factors of 22029914?
2, 859, 12823
List the prime factors of 119792.
2, 7487
List the pr